{"id":676,"date":"2022-08-16T09:32:45","date_gmt":"2022-08-16T09:32:45","guid":{"rendered":"https:\/\/huzuryildizidanismanlik.com\/?page_id=676"},"modified":"2022-11-14T14:15:50","modified_gmt":"2022-11-14T14:15:50","slug":"turk-vatandasligi","status":"publish","type":"page","link":"https:\/\/huzuryildizidanismanlik.com\/?page_id=676","title":{"rendered":"T\u00fcrk vatanda\u015fl\u0131\u011f\u0131"},"content":{"rendered":"\t\t<div data-elementor-type=\"wp-post\" data-elementor-id=\"676\" class=\"elementor elementor-676\">\n\t\t\t\t\t\t<section class=\"elementor-section elementor-top-section elementor-element elementor-element-d7d8b56 elementor-section-boxed elementor-section-height-default elementor-section-height-default\" data-id=\"d7d8b56\" data-element_type=\"section\" data-settings=\"{&quot;background_background&quot;:&quot;classic&quot;}\">\n\t\t\t\t\t\t\t<div class=\"elementor-background-overlay\"><\/div>\n\t\t\t\t\t\t\t<div class=\"elementor-container elementor-column-gap-default\">\n\t\t\t\t\t<div class=\"elementor-column elementor-col-100 elementor-top-column elementor-element elementor-element-fd69444\" data-id=\"fd69444\" data-element_type=\"column\">\n\t\t\t<div class=\"elementor-widget-wrap elementor-element-populated\">\n\t\t\t\t\t\t<div class=\"elementor-element elementor-element-abcc2f2 elementor-widget elementor-widget-heading\" data-id=\"abcc2f2\" data-element_type=\"widget\" data-widget_type=\"heading.default\">\n\t\t\t\t<div class=\"elementor-widget-container\">\n\t\t\t\t\t<h2 class=\"elementor-heading-title elementor-size-default\">Turk vatanda\u015fl\u0131\u011f\u0131<\/h2>\t\t\t\t<\/div>\n\t\t\t\t<\/div>\n\t\t\t\t\t<\/div>\n\t\t<\/div>\n\t\t\t\t\t<\/div>\n\t\t<\/section>\n\t\t\t\t<section class=\"elementor-section elementor-top-section elementor-element elementor-element-5c40d7b elementor-section-boxed elementor-section-height-default elementor-section-height-default\" data-id=\"5c40d7b\" data-element_type=\"section\">\n\t\t\t\t\t\t<div class=\"elementor-container elementor-column-gap-default\">\n\t\t\t\t\t<div class=\"elementor-column elementor-col-100 elementor-top-column elementor-element elementor-element-2ebbf9c\" data-id=\"2ebbf9c\" data-element_type=\"column\">\n\t\t\t<div class=\"elementor-widget-wrap elementor-element-populated\">\n\t\t\t\t\t\t<div class=\"elementor-element elementor-element-fe195c7 elementor-widget elementor-widget-heading\" data-id=\"fe195c7\" data-element_type=\"widget\" data-widget_type=\"heading.default\">\n\t\t\t\t<div class=\"elementor-widget-container\">\n\t\t\t\t\t<h2 class=\"elementor-heading-title elementor-size-default\">T\u00fcrk Vatanda\u015fl\u0131\u011f\u0131 Nas\u0131l Kazan\u0131l\u0131r?<\/h2>\t\t\t\t<\/div>\n\t\t\t\t<\/div>\n\t\t\t\t<div class=\"elementor-element elementor-element-dc051dd elementor-widget-divider--view-line elementor-widget elementor-widget-divider\" data-id=\"dc051dd\" data-element_type=\"widget\" data-widget_type=\"divider.default\">\n\t\t\t\t<div class=\"elementor-widget-container\">\n\t\t\t\t\t\t\t<div class=\"elementor-divider\">\n\t\t\t<span class=\"elementor-divider-separator\">\n\t\t\t\t\t\t<\/span>\n\t\t<\/div>\n\t\t\t\t\t\t<\/div>\n\t\t\t\t<\/div>\n\t\t\t\t<div class=\"elementor-element elementor-element-e5f497e elementor-widget elementor-widget-text-editor\" data-id=\"e5f497e\" data-element_type=\"widget\" data-widget_type=\"text-editor.default\">\n\t\t\t\t<div class=\"elementor-widget-container\">\n\t\t\t\t\t\t\t\t\t<p>Yabanc\u0131lar iki \u015fekilde T\u00fcrk vatanda\u015fl\u0131\u011f\u0131n\u0131 kazanabilir.<\/p><p><strong>1- DO\u011eUMLA<\/strong>; Soy ba\u011f\u0131 veya do\u011fum yeri esas\u0131na g\u00f6re kazan\u0131lan T\u00fcrk Vatanda\u015fl\u0131\u011f\u0131d\u0131r.<\/p><ul><li><strong>Soy ba\u011f\u0131 yoluyla\u00a0<\/strong><\/li><\/ul><p>T\u00fcrkiye i\u00e7inde veya d\u0131\u015f\u0131nda T\u00fcrk vatanda\u015f\u0131 ana veya babadan evlilik birli\u011fi i\u00e7inde veya evlilik birli\u011fi d\u0131\u015f\u0131nda do\u011fan \u00e7ocuk T\u00fcrk vatanda\u015f\u0131d\u0131r.<\/p><ul><li><strong>Do\u011fum yeri<\/strong><\/li><\/ul><p>T\u00fcrkiye\u2019de do\u011fan ancak; yabanc\u0131 ana ve babas\u0131ndan dolay\u0131 do\u011fumla herhangi bir \u00fclkenin vatanda\u015fl\u0131\u011f\u0131n\u0131 kazanamayan \u00e7ocuk ile anne babas\u0131 tespit edilemeyen bulunmu\u015f \u00e7ocuk do\u011fumdan itibaren T\u00fcrk vatanda\u015f\u0131d\u0131r.<\/p><p><strong>2- SONRADAN;<\/strong>\u00a0Yetkili Makam karar\u0131, \u0130stinai durum, Evlenme, Evlat edinme ve se\u00e7me hakk\u0131 kullan\u0131larak kazan\u0131lan T\u00fcrk Vatanda\u015fl\u0131\u011f\u0131d\u0131r.<\/p><ul><li><strong>Yetkili makam karar\u0131 ile Genel Olarak T\u00fcrk vatanda\u015fl\u0131\u011f\u0131n\u0131n kazan\u0131lmas\u0131<\/strong><\/li><\/ul><p>T\u00fcrkiye\u2019de kesintisiz be\u015f y\u0131l ikamet eden, ergin ve ay\u0131rt etme g\u00fcc\u00fcne sahip her yabanc\u0131; T\u00fcrkiye\u2019de yerle\u015fmeye karar verdi\u011fini davran\u0131\u015flar\u0131 ile teyit etmesi, genel sa\u011fl\u0131k bak\u0131m\u0131ndan tehlike te\u015fkil eden bir hastal\u0131\u011f\u0131 bulunmamas\u0131, yeteri kadar T\u00fcrk\u00e7e konu\u015fabilmesi, kendisinin ve bakmakla y\u00fck\u00fcml\u00fc oldu\u011fu kimselerin ge\u00e7imini sa\u011flayacak gelire veya mesle\u011fe sahip olmas\u0131, Mill\u00ee g\u00fcvenlik ve kamu d\u00fczeni bak\u0131m\u0131ndan engel te\u015fkil edecek bir hali bulunmamas\u0131 gibi \u015fartlar\u0131 ta\u015f\u0131mas\u0131 halinde Yetkili Makam karar\u0131 ile Genel Olarak T\u00fcrk Vatanda\u015fl\u0131\u011f\u0131na ge\u00e7mek i\u00e7in ba\u015fvuru yapabilir.<\/p><ul><li><strong>T\u00fcrk vatanda\u015fl\u0131\u011f\u0131n\u0131n istisnai olarak kazan\u0131lmas\u0131<\/strong><\/li><\/ul><p>T\u00fcrkiye\u2019ye sanayi tesisleri getiren veya bilimsel, teknolojik, ekonomik, sosyal, sportif, k\u00fclt\u00fcrel, sanatsal alanlarda ola\u011fan\u00fcst\u00fc hizmeti ge\u00e7en ya da ge\u00e7ece\u011fi d\u00fc\u015f\u00fcn\u00fclen ve ilgili bakanl\u0131klarca haklar\u0131nda gerek\u00e7eli teklifte bulunulan ki\u015filer.<\/p><p>Yabanc\u0131lar ve Uluslararas\u0131 Koruma Kanuna uygun ikamet izni alanlar ile Turkuaz Kart sahibi yabanc\u0131lar ve bunlar\u0131n yabanc\u0131 e\u015fi, kendisinin ve e\u015finin ergin olmayan veya ba\u011f\u0131ml\u0131 yabanc\u0131 \u00e7ocuklar\u0131, Vatanda\u015fl\u0131\u011fa al\u0131nmas\u0131 zaruri g\u00f6r\u00fclen yabanc\u0131 ki\u015filer. G\u00f6\u00e7men olarak kabul edilen yabanc\u0131lar ki\u015filer Mill\u00ee g\u00fcvenlik ve kamu d\u00fczeni bak\u0131m\u0131ndan engel te\u015fkil edecek bir hali bulunmamak \u015fart\u0131yla Bakanlar Kurulunun karar\u0131 ile istisnai olarak T\u00fcrk vatanda\u015fl\u0131\u011f\u0131n\u0131 kazanabilirler.<\/p><p>\u00d6te yandan; 13.05.2022 tarihli T\u00fcrk vatanda\u015fl\u0131\u011f\u0131 kanununun uygulanmas\u0131na ili\u015fkin y\u00f6netmelik de\u011fi\u015fikli\u011fine g\u00f6re<\/p><ul><li>En az 500.000 Amerikan Dolar\u0131 tutar\u0131nda sabit sermaye yat\u0131r\u0131m\u0131 ger\u00e7ekle\u015ftirdi\u011fi Ekonomi Bakanl\u0131\u011f\u0131nca,<\/li><li>(<strong>T\u00fcrkiye\u2019de ev alan yabanc\u0131lara vatanda\u015fl\u0131k<\/strong>) En az 400,000 (Bir milyon) Amerikan dolar\u0131 tutar\u0131nda ta\u015f\u0131nmaz\u0131 tapu kay\u0131tlar\u0131na \u00fc\u00e7 y\u0131l sat\u0131lmamas\u0131 \u015ferhi koyulmak \u015fart\u0131yla sat\u0131n ald\u0131\u011f\u0131 \u00c7evre ve \u015eehircilik Bakanl\u0131\u011f\u0131nca,<\/li><li>En az 50 ki\u015filik istihdam olu\u015fturdu\u011fu \u00c7al\u0131\u015fma ve Sosyal G\u00fcvenlik Bakanl\u0131\u011f\u0131nca,<\/li><li>En az 500.000 Amerikan Dolar\u0131 tutar\u0131nda mevduat\u0131 \u00fc\u00e7 y\u0131l tutma \u015fart\u0131yla T\u00fcrkiye\u2019de faaliyet g\u00f6steren bankalara yat\u0131rd\u0131\u011f\u0131 Bankac\u0131l\u0131k D\u00fczenleme ve Denetleme Kurumunca,<\/li><li>En az 400.000 Amerikan Dolar\u0131 tutar\u0131nda Devlet bor\u00e7lanma ara\u00e7lar\u0131n\u0131 \u00fc\u00e7 y\u0131l tutmak \u015fart\u0131yla sat\u0131n ald\u0131\u011f\u0131 Hazine M\u00fcste\u015farl\u0131\u011f\u0131nca tespit edilen yabanc\u0131lar da bu kapsamda de\u011ferlendirilerek Bakanlar Kurulunun karar\u0131 ile istisnai olarak T\u00fcrk vatanda\u015fl\u0131\u011f\u0131n\u0131 kazanmak \u00fczere m\u00fcracaat edebilirler.<\/li><\/ul><p><strong>TC Vatanda\u015fl\u0131k<\/strong>\u00a0Kanunu\u2019nun uygulanmas\u0131na ili\u015fkin y\u00f6netmeli\u011fin, T\u00fcrk vatanda\u015fl\u0131\u011f\u0131n\u0131n istisnai olarak kazan\u0131lmas\u0131na ili\u015fkin \u015fartlar\u0131 d\u00fczenleyen 20\u2019nci maddesine bir bent eklenerek sermaye piyasas\u0131 ara\u00e7lar\u0131na yat\u0131r\u0131m yapan yabanc\u0131lara da vatanda\u015fl\u0131k hakk\u0131 sa\u011flanmas\u0131 h\u00fckme ba\u011fland\u0131. 05.05.2017<\/p><ul><li>Buna g\u00f6re en az 400 Bin dolar tutar\u0131nda gayrimenkul yat\u0131r\u0131m fonu kat\u0131lma pay\u0131 veya giri\u015fim sermayesi yat\u0131r\u0131m fonu kat\u0131lma pay\u0131 alan ve \u00fc\u00e7 y\u0131l s\u00fcreyle bunu elinde tutan yabanc\u0131lar da T\u00fcrk vatanda\u015fl\u0131\u011f\u0131 hakk\u0131 verilecek.<\/li><\/ul><ul><li><strong>T\u00fcrk vatanda\u015f\u0131 ile evli yabanc\u0131lar\u0131n vatanda\u015fl\u0131k i\u015flemleri<\/strong><\/li><\/ul><p>Bir T\u00fcrk vatanda\u015f\u0131 ile en az \u00fc\u00e7 y\u0131ldan beri evli olan ve evlili\u011fi devam eden yabanc\u0131lar T\u00fcrk vatanda\u015fl\u0131\u011f\u0131n\u0131 kazanmak \u00fczere ba\u015fvuruda bulunabilir.<\/p><ul><li><strong>Evlat edinilme yoluyla T\u00fcrk vatanda\u015fl\u0131\u011f\u0131n\u0131n kazan\u0131lmas\u0131<\/strong><\/li><\/ul><p>Bir T\u00fcrk vatanda\u015f\u0131 taraf\u0131ndan evlat edinilen ergin olmayan ki\u015fi, milli g\u00fcvenlik ve kamu d\u00fczeni bak\u0131m\u0131ndan engel te\u015fkil edecek bir hali bulunmamak \u015fart\u0131yla, karar tarihinden itibaren T\u00fcrk vatanda\u015fl\u0131\u011f\u0131n\u0131 kazanabilir.<\/p><ul><li><strong>Se\u00e7me hakk\u0131 ile T\u00fcrk vatanda\u015fl\u0131\u011f\u0131n\u0131n kazan\u0131lmas\u0131<\/strong><\/li><\/ul><p>\u0130zin almak suretiyle T\u00fcrk Vatanda\u015fl\u0131\u011f\u0131ndan \u00e7\u0131kan ana veya babalar\u0131na ba\u011fl\u0131 olarak T\u00fcrk vatanda\u015fl\u0131\u011f\u0131n\u0131 kaybeden \u00e7ocuklar, ergin olmalar\u0131ndan itibaren \u00fc\u00e7 y\u0131l i\u00e7inde se\u00e7me hakk\u0131n\u0131 kullanmak suretiyle T\u00fcrk vatanda\u015fl\u0131\u011f\u0131n\u0131 kazanabilirler.<\/p><blockquote><p>G\u00fcncelleme (20.10.2017) T\u00fcrk vatanda\u015fl\u0131\u011f\u0131n\u0131 kaybedenler de, genel ahlak bak\u0131m\u0131ndan engel te\u015fkil edecek bir hali bulunmamas\u0131 durumunda \u00fclkede ikamet etme \u015fart\u0131 aranmaks\u0131z\u0131n yeniden vatanda\u015fl\u0131\u011fa al\u0131nabilecek.<\/p><\/blockquote>\t\t\t\t\t\t\t\t<\/div>\n\t\t\t\t<\/div>\n\t\t\t\t\t<\/div>\n\t\t<\/div>\n\t\t\t\t\t<\/div>\n\t\t<\/section>\n\t\t\t\t<section class=\"elementor-section elementor-top-section elementor-element elementor-element-0fd4cc6 elementor-section-boxed elementor-section-height-default elementor-section-height-default\" data-id=\"0fd4cc6\" data-element_type=\"section\">\n\t\t\t\t\t\t<div class=\"elementor-container elementor-column-gap-default\">\n\t\t\t\t\t<div class=\"elementor-column elementor-col-100 elementor-top-column elementor-element elementor-element-b0ce558\" data-id=\"b0ce558\" data-element_type=\"column\">\n\t\t\t<div class=\"elementor-widget-wrap elementor-element-populated\">\n\t\t\t\t\t\t<div class=\"elementor-element elementor-element-eb79cbc elementor-widget elementor-widget-text-editor\" data-id=\"eb79cbc\" data-element_type=\"widget\" data-widget_type=\"text-editor.default\">\n\t\t\t\t<div class=\"elementor-widget-container\">\n\t\t\t\t\t\t\t\t\t<h2><span id=\"adim-adim-turk-vatandasligi-basvurusu-nasil-yapilir\"><strong>ADIM ADIM T\u00dcRK VATANDA\u015eLI\u011eI BA\u015eVURUSU NASIL YAPILIR?<\/strong><\/span><\/h2><ul><li>T\u00fcrk vatanda\u015fl\u0131\u011f\u0131n\u0131n kazan\u0131lmas\u0131 ve kayb\u0131na ili\u015fkin ba\u015fvurular;<\/li><li>Yurt i\u00e7inde ikamet edilen \u0130l Valili\u011fi (\u0130l N\u00fcfus ve Vatanda\u015fl\u0131k M\u00fcd\u00fcrl\u00fc\u011f\u00fc)ne,<\/li><li>Yurt d\u0131\u015f\u0131nda ise T\u00fcrkiye Cumhuriyeti B\u00fcy\u00fckel\u00e7ilik ve Konsolosluklar\u0131na bizzat veya bu hakk\u0131n kullan\u0131lmas\u0131na ili\u015fkin \u00f6zel vek\u00e2letname ile yap\u0131l\u0131r.,<\/li><\/ul>\t\t\t\t\t\t\t\t<\/div>\n\t\t\t\t<\/div>\n\t\t\t\t\t<\/div>\n\t\t<\/div>\n\t\t\t\t\t<\/div>\n\t\t<\/section>\n\t\t\t\t<\/div>\n\t\t","protected":false},"excerpt":{"rendered":"<p>Turk vatanda\u015fl\u0131\u011f\u0131 T\u00fcrk Vatanda\u015fl\u0131\u011f\u0131 Nas\u0131l Kazan\u0131l\u0131r? Yabanc\u0131lar iki \u015fekilde T\u00fcrk vatanda\u015fl\u0131\u011f\u0131n\u0131 kazanabilir. 1- DO\u011eUMLA; Soy ba\u011f\u0131 veya do\u011fum yeri esas\u0131na g\u00f6re kazan\u0131lan T\u00fcrk Vatanda\u015fl\u0131\u011f\u0131d\u0131r. Soy ba\u011f\u0131 yoluyla\u00a0 T\u00fcrkiye i\u00e7inde veya d\u0131\u015f\u0131nda T\u00fcrk vatanda\u015f\u0131 ana veya babadan evlilik birli\u011fi i\u00e7inde veya evlilik birli\u011fi d\u0131\u015f\u0131nda do\u011fan \u00e7ocuk T\u00fcrk vatanda\u015f\u0131d\u0131r. Do\u011fum yeri T\u00fcrkiye\u2019de do\u011fan ancak; yabanc\u0131 ana ve [&hellip;]<\/p>\n","protected":false},"author":1,"featured_media":0,"parent":0,"menu_order":0,"comment_status":"closed","ping_status":"closed","template":"","meta":{"site-sidebar-layout":"no-sidebar","site-content-layout":"page-builder","ast-site-content-layout":"","site-content-style":"default","site-sidebar-style":"default","ast-global-header-display":"","ast-banner-title-visibility":"","ast-main-header-display":"","ast-hfb-above-header-display":"","ast-hfb-below-header-display":"","ast-hfb-mobile-header-display":"","site-post-title":"disabled","ast-breadcrumbs-content":"","ast-featured-img":"disabled","footer-sml-layout":"","theme-transparent-header-meta":"enabled","adv-header-id-meta":"","stick-header-meta":"","header-above-stick-meta":"","header-main-stick-meta":"","header-below-stick-meta":"","astra-migrate-meta-layouts":"default","ast-page-background-enabled":"default","ast-page-background-meta":{"desktop":{"background-color":"","background-image":"","background-repeat":"repeat","background-position":"center center","background-size":"auto","background-attachment":"scroll","background-type":"","background-media":"","overlay-type":"","overlay-color":"","overlay-opacity":"","overlay-gradient":""},"tablet":{"background-color":"","background-image":"","background-repeat":"repeat","background-position":"center center","background-size":"auto","background-attachment":"scroll","background-type":"","background-media":"","overlay-type":"","overlay-color":"","overlay-opacity":"","overlay-gradient":""},"mobile":{"background-color":"","background-image":"","background-repeat":"repeat","background-position":"center center","background-size":"auto","background-attachment":"scroll","background-type":"","background-media":"","overlay-type":"","overlay-color":"","overlay-opacity":"","overlay-gradient":""}},"ast-content-background-meta":{"desktop":{"background-color":"var(--ast-global-color-5)","background-image":"","background-repeat":"repeat","background-position":"center center","background-size":"auto","background-attachment":"scroll","background-type":"","background-media":"","overlay-type":"","overlay-color":"","overlay-opacity":"","overlay-gradient":""},"tablet":{"background-color":"var(--ast-global-color-5)","background-image":"","background-repeat":"repeat","background-position":"center center","background-size":"auto","background-attachment":"scroll","background-type":"","background-media":"","overlay-type":"","overlay-color":"","overlay-opacity":"","overlay-gradient":""},"mobile":{"background-color":"var(--ast-global-color-5)","background-image":"","background-repeat":"repeat","background-position":"center center","background-size":"auto","background-attachment":"scroll","background-type":"","background-media":"","overlay-type":"","overlay-color":"","overlay-opacity":"","overlay-gradient":""}},"_joinchat":[],"footnotes":""},"class_list":["post-676","page","type-page","status-publish","hentry"],"yoast_head":"<!-- This site is optimized with the Yoast SEO plugin v24.6 - https:\/\/yoast.com\/wordpress\/plugins\/seo\/ -->\n<title>T\u00fcrk vatanda\u015fl\u0131\u011f\u0131 - Huzur Y\u0131ld\u0131z\u0131 Dan\u0131\u015fmanl\u0131k<\/title>\n<meta name=\"robots\" content=\"index, follow, max-snippet:-1, max-image-preview:large, max-video-preview:-1\" \/>\n<link rel=\"canonical\" href=\"https:\/\/huzuryildizidanismanlik.com\/?page_id=676\" \/>\n<meta property=\"og:locale\" content=\"tr_TR\" \/>\n<meta property=\"og:type\" content=\"article\" \/>\n<meta property=\"og:title\" content=\"T\u00fcrk vatanda\u015fl\u0131\u011f\u0131 - Huzur Y\u0131ld\u0131z\u0131 Dan\u0131\u015fmanl\u0131k\" \/>\n<meta property=\"og:description\" content=\"Turk vatanda\u015fl\u0131\u011f\u0131 T\u00fcrk Vatanda\u015fl\u0131\u011f\u0131 Nas\u0131l Kazan\u0131l\u0131r? Yabanc\u0131lar iki \u015fekilde T\u00fcrk vatanda\u015fl\u0131\u011f\u0131n\u0131 kazanabilir. 1- DO\u011eUMLA; Soy ba\u011f\u0131 veya do\u011fum yeri esas\u0131na g\u00f6re kazan\u0131lan T\u00fcrk Vatanda\u015fl\u0131\u011f\u0131d\u0131r. Soy ba\u011f\u0131 yoluyla\u00a0 T\u00fcrkiye i\u00e7inde veya d\u0131\u015f\u0131nda T\u00fcrk vatanda\u015f\u0131 ana veya babadan evlilik birli\u011fi i\u00e7inde veya evlilik birli\u011fi d\u0131\u015f\u0131nda do\u011fan \u00e7ocuk T\u00fcrk vatanda\u015f\u0131d\u0131r. Do\u011fum yeri T\u00fcrkiye\u2019de do\u011fan ancak; yabanc\u0131 ana ve [&hellip;]\" \/>\n<meta property=\"og:url\" content=\"https:\/\/huzuryildizidanismanlik.com\/?page_id=676\" \/>\n<meta property=\"og:site_name\" content=\"Huzur Y\u0131ld\u0131z\u0131 Dan\u0131\u015fmanl\u0131k\" \/>\n<meta property=\"article:modified_time\" content=\"2022-11-14T14:15:50+00:00\" \/>\n<meta name=\"twitter:card\" content=\"summary_large_image\" \/>\n<meta name=\"twitter:label1\" content=\"Tahmini okuma s\u00fcresi\" \/>\n\t<meta name=\"twitter:data1\" content=\"4 dakika\" \/>\n<script type=\"application\/ld+json\" class=\"yoast-schema-graph\">{\"@context\":\"https:\/\/schema.org\",\"@graph\":[{\"@type\":\"WebPage\",\"@id\":\"https:\/\/huzuryildizidanismanlik.com\/?page_id=676\",\"url\":\"https:\/\/huzuryildizidanismanlik.com\/?page_id=676\",\"name\":\"T\u00fcrk vatanda\u015fl\u0131\u011f\u0131 - Huzur Y\u0131ld\u0131z\u0131 Dan\u0131\u015fmanl\u0131k\",\"isPartOf\":{\"@id\":\"https:\/\/huzuryildizidanismanlik.com\/#website\"},\"datePublished\":\"2022-08-16T09:32:45+00:00\",\"dateModified\":\"2022-11-14T14:15:50+00:00\",\"breadcrumb\":{\"@id\":\"https:\/\/huzuryildizidanismanlik.com\/?page_id=676#breadcrumb\"},\"inLanguage\":\"tr\",\"potentialAction\":[{\"@type\":\"ReadAction\",\"target\":[\"https:\/\/huzuryildizidanismanlik.com\/?page_id=676\"]}]},{\"@type\":\"BreadcrumbList\",\"@id\":\"https:\/\/huzuryildizidanismanlik.com\/?page_id=676#breadcrumb\",\"itemListElement\":[{\"@type\":\"ListItem\",\"position\":1,\"name\":\"Anasayfa\",\"item\":\"https:\/\/huzuryildizidanismanlik.com\/\"},{\"@type\":\"ListItem\",\"position\":2,\"name\":\"T\u00fcrk vatanda\u015fl\u0131\u011f\u0131\"}]},{\"@type\":\"WebSite\",\"@id\":\"https:\/\/huzuryildizidanismanlik.com\/#website\",\"url\":\"https:\/\/huzuryildizidanismanlik.com\/\",\"name\":\"Huzur Y\u0131ld\u0131z\u0131 Dan\u0131\u015fmanl\u0131k\",\"description\":\"Profesyonel Dan\u0131\u015fmanl\u0131k Hizmeti\",\"potentialAction\":[{\"@type\":\"SearchAction\",\"target\":{\"@type\":\"EntryPoint\",\"urlTemplate\":\"https:\/\/huzuryildizidanismanlik.com\/?s={search_term_string}\"},\"query-input\":{\"@type\":\"PropertyValueSpecification\",\"valueRequired\":true,\"valueName\":\"search_term_string\"}}],\"inLanguage\":\"tr\"}]}<\/script>\n<!-- \/ Yoast SEO plugin. -->","yoast_head_json":{"title":"T\u00fcrk vatanda\u015fl\u0131\u011f\u0131 - Huzur Y\u0131ld\u0131z\u0131 Dan\u0131\u015fmanl\u0131k","robots":{"index":"index","follow":"follow","max-snippet":"max-snippet:-1","max-image-preview":"max-image-preview:large","max-video-preview":"max-video-preview:-1"},"canonical":"https:\/\/huzuryildizidanismanlik.com\/?page_id=676","og_locale":"tr_TR","og_type":"article","og_title":"T\u00fcrk vatanda\u015fl\u0131\u011f\u0131 - Huzur Y\u0131ld\u0131z\u0131 Dan\u0131\u015fmanl\u0131k","og_description":"Turk vatanda\u015fl\u0131\u011f\u0131 T\u00fcrk Vatanda\u015fl\u0131\u011f\u0131 Nas\u0131l Kazan\u0131l\u0131r? Yabanc\u0131lar iki \u015fekilde T\u00fcrk vatanda\u015fl\u0131\u011f\u0131n\u0131 kazanabilir. 1- DO\u011eUMLA; Soy ba\u011f\u0131 veya do\u011fum yeri esas\u0131na g\u00f6re kazan\u0131lan T\u00fcrk Vatanda\u015fl\u0131\u011f\u0131d\u0131r. Soy ba\u011f\u0131 yoluyla\u00a0 T\u00fcrkiye i\u00e7inde veya d\u0131\u015f\u0131nda T\u00fcrk vatanda\u015f\u0131 ana veya babadan evlilik birli\u011fi i\u00e7inde veya evlilik birli\u011fi d\u0131\u015f\u0131nda do\u011fan \u00e7ocuk T\u00fcrk vatanda\u015f\u0131d\u0131r. Do\u011fum yeri T\u00fcrkiye\u2019de do\u011fan ancak; yabanc\u0131 ana ve [&hellip;]","og_url":"https:\/\/huzuryildizidanismanlik.com\/?page_id=676","og_site_name":"Huzur Y\u0131ld\u0131z\u0131 Dan\u0131\u015fmanl\u0131k","article_modified_time":"2022-11-14T14:15:50+00:00","twitter_card":"summary_large_image","twitter_misc":{"Tahmini okuma s\u00fcresi":"4 dakika"},"schema":{"@context":"https:\/\/schema.org","@graph":[{"@type":"WebPage","@id":"https:\/\/huzuryildizidanismanlik.com\/?page_id=676","url":"https:\/\/huzuryildizidanismanlik.com\/?page_id=676","name":"T\u00fcrk vatanda\u015fl\u0131\u011f\u0131 - Huzur Y\u0131ld\u0131z\u0131 Dan\u0131\u015fmanl\u0131k","isPartOf":{"@id":"https:\/\/huzuryildizidanismanlik.com\/#website"},"datePublished":"2022-08-16T09:32:45+00:00","dateModified":"2022-11-14T14:15:50+00:00","breadcrumb":{"@id":"https:\/\/huzuryildizidanismanlik.com\/?page_id=676#breadcrumb"},"inLanguage":"tr","potentialAction":[{"@type":"ReadAction","target":["https:\/\/huzuryildizidanismanlik.com\/?page_id=676"]}]},{"@type":"BreadcrumbList","@id":"https:\/\/huzuryildizidanismanlik.com\/?page_id=676#breadcrumb","itemListElement":[{"@type":"ListItem","position":1,"name":"Anasayfa","item":"https:\/\/huzuryildizidanismanlik.com\/"},{"@type":"ListItem","position":2,"name":"T\u00fcrk vatanda\u015fl\u0131\u011f\u0131"}]},{"@type":"WebSite","@id":"https:\/\/huzuryildizidanismanlik.com\/#website","url":"https:\/\/huzuryildizidanismanlik.com\/","name":"Huzur Y\u0131ld\u0131z\u0131 Dan\u0131\u015fmanl\u0131k","description":"Profesyonel Dan\u0131\u015fmanl\u0131k Hizmeti","potentialAction":[{"@type":"SearchAction","target":{"@type":"EntryPoint","urlTemplate":"https:\/\/huzuryildizidanismanlik.com\/?s={search_term_string}"},"query-input":{"@type":"PropertyValueSpecification","valueRequired":true,"valueName":"search_term_string"}}],"inLanguage":"tr"}]}},"_links":{"self":[{"href":"https:\/\/huzuryildizidanismanlik.com\/index.php?rest_route=\/wp\/v2\/pages\/676","targetHints":{"allow":["GET"]}}],"collection":[{"href":"https:\/\/huzuryildizidanismanlik.com\/index.php?rest_route=\/wp\/v2\/pages"}],"about":[{"href":"https:\/\/huzuryildizidanismanlik.com\/index.php?rest_route=\/wp\/v2\/types\/page"}],"author":[{"embeddable":true,"href":"https:\/\/huzuryildizidanismanlik.com\/index.php?rest_route=\/wp\/v2\/users\/1"}],"replies":[{"embeddable":true,"href":"https:\/\/huzuryildizidanismanlik.com\/index.php?rest_route=%2Fwp%2Fv2%2Fcomments&post=676"}],"version-history":[{"count":10,"href":"https:\/\/huzuryildizidanismanlik.com\/index.php?rest_route=\/wp\/v2\/pages\/676\/revisions"}],"predecessor-version":[{"id":758,"href":"https:\/\/huzuryildizidanismanlik.com\/index.php?rest_route=\/wp\/v2\/pages\/676\/revisions\/758"}],"wp:attachment":[{"href":"https:\/\/huzuryildizidanismanlik.com\/index.php?rest_route=%2Fwp%2Fv2%2Fmedia&parent=676"}],"curies":[{"name":"wp","href":"https:\/\/api.w.org\/{rel}","templated":true}]}}